sands digit of 313667?
3
What is the units digit of 349844?
4
What is the hundred thousands digit of 29991359?
9
What is the ten millions digit of 26023379?
2
What is the thousands digit of 523173?
3
What is the hundred thousands digit of 110927?
1
What is the millions digit of 3289498?
3
What is the units digit of 615527?
7
What is the hundreds digit of 9417147?
1
What is the hundreds digit of 2737987?
9
What is the ten thousands digit of 815470?
1
What is the thousands digit of 159097?
9
What is the units digit of 3392033?
3
What is the hundreds digit of 598029?
0
What is the tens digit of 2162185?
8
What is the ten millions digit of 10417804?
1
What is the ten thousands digit of 16311938?
1
What is the hundred thousands digit of 196568?
1
What is the units digit of 3260537?
7
What is the tens digit of 273327?
2
What is the hundred thousands digit of 11740720?
7
What is the tens digit of 1857246?
4
What is the thousands digit of 5036769?
6
What is the hundred thousands digit of 787104?
7
What is the units digit of 540580?
0
What is the tens digit of 2416561?
6
What is the thousands digit of 7155768?
5
What is the hundreds digit of 107290?
2
What is the units digit of 60829?
9
What is the thousands digit of 85461?
5
What is the thousands digit of 142659?
2
What is the hundreds digit of 1136408?
4
What is the millions digit of 1777352?
1
What is the ten thousands digit of 14967?
1
What is the hundreds digit of 823793?
7
What is the units digit of 16009009?
9
What is the thousands digit of 13124318?
4
What is the units digit of 815071?
1
What is the hundreds digit of 10771489?
4
What is the thousands digit of 800201?
0
What is the hundreds digit of 440353?
3
What is the hundreds digit of 369962?
9
What is the ten thousands digit of 261375?
6
What is the thousands digit of 2354429?
4
What is the hundred thousands digit of 130809?
1
What is the thousands digit of 1186751?
6
What is the tens digit of 4471516?
1
What is the ten thousands digit of 982380?
8
What is the millions digit of 20971159?
0
What is the ten thousands digit of 2189228?
8
What is the units digit of 524851?
1
What is the thousands digit of 13656452?
6
What is the millions digit of 29938061?
9
What is the hundreds digit of 1139393?
3
What is the hundreds digit of 837422?
4
What is the thousands digit of 30667789?
7
What is the thousands digit of 12110383?
0
What is the hundreds digit of 4695252?
2
What is the hundred thousands digit of 8284281?
2
What is the units digit of 18920417?
7
What is the units digit of 228570?
0
What is the units digit of 70242?
2
What is the thousands digit of 5984328?
4
What is the tens digit of 3510362?
6
What is the units digit of 332506?
6
What is the hundreds digit of 6626001?
0
What is the units digit of 379221?
1
What is the millions digit of 12535946?
2
What is the thousands digit of 327785?
7
What is the hundreds digit of 1257792?
7
What is the hundreds digit of 1622161?
1
What is the tens digit of 2040914?
1
What is the hundred thousands digit of 278757?
2
What is the thousands digit of 28886519?
6
What is the hundreds digit of 72137?
1
What is the ten thousands digit of 7623840?
2
What is the hundred thousands digit of 178330?
1
What is the hundred thousands digit of 3128552?
1
What is the units digit of 5388839?
9
What is the ten thousands digit of 1796338?
9
What is the tens digit of 28712?
1
What is the millions digit of 31003795?
1
What is the millions digit of 2650924?
2
What is the ten thousands digit of 205586?
0
What is the thousands digit of 1196186?
6
What is the thousands digit of 2083488?
3
What is the units digit of 597546?
6
What is the ten thousands digit of 3402457?
0
What is the thousands digit of 1477562?
7
What is the units digit of 58066?
6
What is the hundreds digit of 1728652?
6
What is the hundreds digit of 168932?
9
What is the tens digit of 2475188?
8
What is the ten thousands digit of 1799611?
9
What is the tens digit of 2506255?
5
What is the ten thousands digit of 162086?
6
What is the tens digit of 1576839?
3
What is the ten thousands digit of 16825520?
2
What is the tens digit of 6706478?
7
What is the hundred thousands digit of 7255705?
2
What is the ten thousands digit of 13772959?
7
What is the tens digit of 23863886?
8
What is the tens digit of 837102?
0
What is the ten thousands digit of 494005?
9
What is the tens digit of 466147?
4
What is the millions digit of 1350916?
1
What is the tens digit of 169815?
1
What is the hundred thousands digit of 568714?
5
What is the tens digit of 722310?
1
What is the units digit of 161391?
1
What is the units digit of 56197?
7
What is the units digit of 864435?
5
What is the thousands digit of 3363252?
3
What is the tens digit of 16845327?
2
What is the ten thousands digit of 7964660?
6
What is the hundreds digit of 8579182?
1
What is the ten millions digit of 40253923?
4
What is the tens digit of 129264?
6
What is the tens digit of 12753082?
8
What is the ten thousands digit of 29905?
2
What is the units digit of 2296616?
6
What is the hundred thousands digit of 428655?
4
What is the units digit of 35397?
7
What is the thousands digit of 69627?
9
What is the hundreds digit of 4581104?
1
What is the tens digit of 12335362?
6
What is the thousands digit of 198157?
8
What is the hundred thousands digit of 32926640?
9
What is the units digit of 106515?
5
What is the ten thousands digit of 549394?
4
What is the hundred thousands digit of 343430?
3
What is the tens digit of 29168?
6
What is the millions digit of 8272056?
8
What is the ten thousands digit of 318084?
1
What is the hundred thousands digit of 182333?
1
What is the millions digit of 1071205?
1
What is the ten thousands digit of 551838?
5
What is the tens digit of 25395364?
6
What is the hundreds digit of 284387?
3
What is the millions digit of 10740639?
0
What is the tens digit of 143200?
0
What is the units digit of 164506?
6
What is the tens digit of 683873?
7
What is the thousands digit of 6600047?
0
What is the hundred thousands digit of 949969?
9
What is the tens digit of 1357980?
8
What is the hundreds digit of 270176?
1
What is the thousands digit of 27892?
7
What is the hundreds digit of 1202333?
3
What is the thousands digit of 658928?
8
What is the hundred thousands digit of 1010282?
0
What is the units digit of 16853279?
9
What is the units digit of 934656?
6
What is the ten thousands digit of 1503113?
0
What is the ten millions digit of 12540480?
1
What is the tens digit of 1130539?
3
What is the units digit of 6307110?
0
What is the ten thousands digit of 883204?
8
What is the hundred thousands digit of 5431006?
4
What is the tens digit of 9636474?
7
What is the millions digit of 5875341?
5
What is the ten thousands digit of 419761?
1
What is the hundred thousands digit of 345944?
3
What is the hundred thousands digit of 410902?
4
What is the hundred thousands digit of 974257?
9
What is the hundreds digit of 203812?
8
What is the ten thousands digit of 1665725?
6
What is the thousands digit of 147795?
7
What is the tens digit of 5100621?
2
What is the units digit of 1541540?
0
What is the ten millions digit of 13196060?
1
What is the units digit of 1207074?
4
What is the hundred thousands digit of 547652?
5
What is the thousands digit of 18094076?
4
What is the ten thousands digit of 543675?
4
What is the tens digit of 321123?
2
What is the thousands digit of 804099?
4
What is the ten thousands digit of 702662?
0
What is the tens digit of 484597?
9
What is the units digit of 29609125?
5
What is the thousands digit of 284770?
4
What is the hundreds digit of 102349?
3
What is the millions digit of 7912908?
7
What is the ten thousands digit of 4634169?
3
What is the hundred thousands digit of 191144?
1
What is the hundred thousands digit of 587704?
5
What is the hundred thousands digit of 17902632?
9
What is the thousands digit of 220742?
0
What is the ten thousands digit of 2170948?
7
What is the thousands digit of 207507?
7
What is the ten thousands digit of 306373?
0
What is the units digit of 342282?
2
What is the tens digit of 3585566?
6
What is the hundreds digit of 281588?
5
What is the ten thousands digit of 134256?
3
What is the hundreds digit of 128492?
4
What is the units digit of 23464132